79
List the prime factors of 375141.
3, 13, 9619
What are the prime factors of 1157013?
3, 11, 13, 29, 31
What are the prime factors of 424743?
3, 11, 61, 211
List the prime factors of 14428337.
7, 11, 23, 8147
What are the prime factors of 1963740?
2, 3, 5, 23, 1423
List the prime factors of 2734676.
2, 7, 101, 967
What are the prime factors of 174142?
2, 87071
What are the prime factors of 541601?
31, 17471
What are the prime factors of 54710?
2, 5, 5471
List the prime factors of 3218168.
2, 17, 23663
What are the prime factors of 1318040?
2, 5, 83, 397
What are the prime factors of 20268?
2, 3, 563
List the prime factors of 80662.
2, 31, 1301
What are the prime factors of 673915?
5, 11, 12253
What are the prime factors of 915226?
2, 13, 35201
List the prime factors of 11577.
3, 17, 227
List the prime factors of 1436942.
2, 13, 17, 3251
List the prime factors of 419955.
3, 5, 27997
List the prime factors of 270065.
5, 54013
List the prime factors of 1147797.
3, 7, 6073
List the prime factors of 6539531.
6539531
List the prime factors of 3055780.
2, 5, 7, 13, 23, 73
List the prime factors of 14833561.
14833561
List the prime factors of 3416.
2, 7, 61
What are the prime factors of 139521?
3, 46507
List the prime factors of 22566.
2, 3, 3761
What are the prime factors of 516466?
2, 258233
What are the prime factors of 7907781?
3, 7, 19, 19819
List the prime factors of 271090.
2, 5, 27109
What are the prime factors of 1779342?
2, 3, 296557
List the prime factors of 4065156.
2, 3, 112921
What are the prime factors of 2621381?
7, 374483
List the prime factors of 4315142.
2, 13, 29, 59, 97
List the prime factors of 199564.
2, 49891
What are the prime factors of 297908?
2, 13, 17, 337
What are the prime factors of 8727949?
139, 62791
List the prime factors of 2544623.
2544623
List the prime factors of 743638.
2, 7, 53117
What are the prime factors of 13182738?
2, 3, 523, 4201
List the prime factors of 586636.
2, 17, 8627
List the prime factors of 1514683.
17, 139, 641
What are the prime factors of 12336458?
2, 17, 107, 3391
List the prime factors of 758606.
2, 43, 8821
What are the prime factors of 113059?
167, 677
What are the prime factors of 968412?
2, 3, 80701
List the prime factors of 296787.
3, 98929
What are the prime factors of 123497?
11, 103, 109
List the prime factors of 45367.
7, 6481
List the prime factors of 1274925.
3, 5, 89, 191
List the prime factors of 6419671.
6419671
List the prime factors of 2699637.
3, 89, 10111
What are the prime factors of 1828045?
5, 163, 2243
What are the prime factors of 87572?
2, 21893
What are the prime factors of 236471?
236471
List the prime factors of 156379.
353, 443
What are the prime factors of 5128803?
3, 19, 89, 337
What are the prime factors of 183008?
2, 7, 19, 43
What are the prime factors of 541579?
541579
What are the prime factors of 120310?
2, 5, 53, 227
List the prime factors of 203989.
203989
List the prime factors of 513299.
233, 2203
What are the prime factors of 157469?
13, 12113
What are the prime factors of 435766?
2, 53, 4111
List the prime factors of 13462837.
13462837
What are the prime factors of 5171784?
2, 3, 113, 1907
List the prime factors of 3320357.
3320357
What are the prime factors of 353265?
3, 5, 11, 2141
What are the prime factors of 437492?
2, 11, 61, 163
List the prime factors of 363836.
2, 11, 8269
List the prime factors of 2952357.
3, 984119
List the prime factors of 620479.
233, 2663
What are the prime factors of 335089?
335089
What are the prime factors of 4280335?
5, 257, 3331
List the prime factors of 343588.
2, 7, 1753
What are the prime factors of 860692?
2, 7, 59, 521
What are the prime factors of 54578?
2, 29, 941
List the prime factors of 16079600.
2, 5, 61, 659
What are the prime factors of 3450?
2, 3, 5, 23
List the prime factors of 30828693.
3, 7, 209719
List the prime factors of 115264.
2, 1801
What are the prime factors of 320006?
2, 43, 61
List the prime factors of 121737.
3, 7, 11, 17, 31
What are the prime factors of 4516834?
2, 7, 322631
What are the prime factors of 489699?
3, 7, 2591
What are the prime factors of 1137546?
2, 3, 63197
List the prime factors of 2589832.
2, 7, 103, 449
List the prime factors of 7151396.
2, 7, 53, 61, 79
List the prime factors of 29409930.
2, 3, 5, 11, 61, 487
What are the prime factors of 446386?
2, 17, 19, 691
What are the prime factors of 1922726?
2, 13, 73951
List the prime factors of 298952.
2, 37369
List the prime factors of 1388671.
23, 173, 349
What are the prime factors of 1203?
3, 401
What are the prime factors of 1841776?
2, 43, 2677
What are the prime factors of 615109?
11, 199, 281
What are the prime factors of 2351342?
2, 7, 167953
What are the prime factors of 467148?
2, 3, 11, 3539
What are the prime factors of 3182312?
2, 7, 56827
What are the prime factors of 174058?
2, 29, 3001
What are the prime factors of 26563274?
2, 13281637
List the prime factors of 19629302.
2, 7, 11, 131, 139
What are the prime factors of 1767250?
2, 5, 7069
What are the prime factors of 1357570?
2, 5, 135757
What are the prime factors of 12527908?
2, 3131977
List the prime factors of 311736.
2, 3, 31, 419
What are the prime factors of 1051568?
2, 7, 41, 229
List the prime factors of 7958836.
2, 127, 15667
What are the prime factors of 7849165?
5, 1569833
List the prime factors of 11868551.
293, 40507
List the prime factors of 2983492.
2, 745873
What are the prime factors of 4450155?
3, 5, 23, 12899
What are the prime factors of 406963?
17, 37, 647
List the prime factors of 9047423.
7, 11, 117499
What are the prime factors of 5602404?
2, 3, 41, 59, 193
What are the prime factors of 1586082?
2, 3, 19, 13913
What are the prime factors of 588475?
5, 23539
What are the prime factors of 421266?
2, 3, 61, 1151
What are the prime factors of 141736?
2, 7, 2531
List the prime factors of 106055.
5, 21211
What are the prime factors of 463224?
2, 3, 19301
What are the prime factors of 338673?
3, 79, 1429
List the prime factors of 9177130.
2, 5, 917713
List the prime factors of 216322.
2, 108161
What are the prime factors of 2595174?
2, 3, 59, 7331
List the prime factors of 192788.
2, 48197
List the prime factors of 214460.
2, 5, 10723
What are the prime factors of 113413?
23, 4931
What are the prime factors of 1951053?
3, 13, 19, 2633
What are the prime factors of 1610311?
1610311
List the prime factors of 2587534.
2, 19, 149, 457
List the prime factors of 3451253.
13, 257, 1033
List the prime factors of 1646756.
2, 17, 61, 397
What are the prime factors of 643454?
2, 7, 19, 41, 59
List the prime factors of 17648256.
2, 3, 45959
List the prime factors of 907990.
2, 5, 29, 31, 101
What are the prime factors of 91204?
2, 151
List the prime factors of 1976580.
2, 3, 5, 79, 139
What are the prime factors of 52251?
3, 17417
What are the prime factors of 2532520?
2, 5, 63313
List the prime factors of 5895150.
2, 3, 5, 39301
What are the prime factors of 1876208?
2, 149, 787
List the prime factors of 17868228.
2, 3, 7, 281, 757
List the prime factors of 2310506.
2, 11, 105023
What are the prime factors of 403342?
2, 17, 11863
What are the prime factors of 18888?
2, 3, 787
List the prime factors of 4763035.
5, 71, 13417
What are the prime factors of 11639146?
2, 2161, 2693
What are the prime factors of 742109?
31, 37, 647
What are the prime factors of 8784587?
7, 1254941
What are the prime factors of 4380879?
3, 23, 173, 367
List the prime factors of 6544094.
2, 19, 172213
What are the prime factors of 438344?
2, 157, 349
List the prime factors of 8721011.
13, 37, 18131
What are the prime factors of 7765993?
59, 131627
What are the prime factors of 13745343?
3, 4581781
List the prime factors of 297230.
2, 5, 29723
List the prime factors of 378858.
2, 3, 233, 271
List the prime factors of 69246.
2, 3, 3847
What are the prime factors of 1251976?
2, 11, 41, 347
What are the prime factors of 19573586?
2, 31, 315703
What are the prime factors of 4667998?
2, 2333999
What are the prime factors of 928995?
3, 5, 61933
What are the prime factors of 294831?
3, 17, 41, 47
What are the prime factors of 161542?
2, 37, 59
List the prime factors of 1083247.
11, 19, 71, 73
What are the prime factors of 1341231?
3, 647, 691
What are the prime factors of 7